{"id":7,"date":"2026-02-09T13:17:45","date_gmt":"2026-02-09T13:17:45","guid":{"rendered":"https:\/\/www.dynamicpartners.fi\/?page_id=7"},"modified":"2026-02-10T07:26:47","modified_gmt":"2026-02-10T07:26:47","slug":"home","status":"publish","type":"page","link":"https:\/\/www.dynamicpartners.fi\/","title":{"rendered":"Etusivu"},"content":{"rendered":"\t\t<div data-elementor-type=\"wp-page\" data-elementor-id=\"7\" class=\"elementor elementor-7\">\n\t\t\t\t<div class=\"elementor-element elementor-element-71bdbc5 e-flex e-con-boxed e-con e-parent\" data-id=\"71bdbc5\" data-element_type=\"container\" data-e-type=\"container\">\n\t\t\t\t\t<div class=\"e-con-inner\">\n\t\t\t\t\t<\/div>\n\t\t\t\t<\/div>\n\t\t<div class=\"elementor-element elementor-element-e02b683 e-con-full e-flex elementor-invisible e-con e-parent\" data-id=\"e02b683\" data-element_type=\"container\" data-e-type=\"container\" data-settings=\"{&quot;background_background&quot;:&quot;classic&quot;,&quot;animation&quot;:&quot;fadeInDown&quot;}\">\n\t\t<div class=\"elementor-element elementor-element-021d4ed e-con-full e-flex e-con e-child\" data-id=\"021d4ed\" data-element_type=\"container\" data-e-type=\"container\" data-settings=\"{&quot;background_background&quot;:&quot;classic&quot;}\">\n\t\t\t\t<div class=\"elementor-element elementor-element-47869ac elementor-widget elementor-widget-spacer\" data-id=\"47869ac\" data-element_type=\"widget\" data-e-type=\"widget\" data-widget_type=\"spacer.default\">\n\t\t\t\t\t\t\t<div class=\"elementor-spacer\">\n\t\t\t<div class=\"elementor-spacer-inner\"><\/div>\n\t\t<\/div>\n\t\t\t\t\t\t<\/div>\n\t\t\t\t<div class=\"elementor-element elementor-element-47f341d elementor-widget elementor-widget-heading\" data-id=\"47f341d\" data-element_type=\"widget\" data-e-type=\"widget\" data-widget_type=\"heading.default\">\n\t\t\t\t\t<h1 class=\"elementor-heading-title elementor-size-default\">Liiketoimintasi dynaamisin kumppani<\/h1>\t\t\t\t<\/div>\n\t\t\t\t<div class=\"elementor-element elementor-element-5c8cc44 elementor-widget elementor-widget-text-editor\" data-id=\"5c8cc44\" data-element_type=\"widget\" data-e-type=\"widget\" data-widget_type=\"text-editor.default\">\n\t\t\t\t\t\t\t\t\t<p>Autamme yrityksi\u00e4 kasvamaan oikeiden osaajien ja turvallisen ty\u00f6ymp\u00e4rist\u00f6n avulla<\/p>\t\t\t\t\t\t\t\t<\/div>\n\t\t\t\t<\/div>\n\t\t\t\t<\/div>\n\t\t<div class=\"elementor-element elementor-element-b5596c8 e-flex e-con-boxed e-con e-parent\" data-id=\"b5596c8\" data-element_type=\"container\" data-e-type=\"container\">\n\t\t\t\t\t<div class=\"e-con-inner\">\n\t\t<div class=\"elementor-element elementor-element-57e61be e-con-full e-flex e-con e-child\" data-id=\"57e61be\" data-element_type=\"container\" data-e-type=\"container\">\n\t\t\t\t<div class=\"elementor-element elementor-element-07a91fc elementor-widget elementor-widget-image\" data-id=\"07a91fc\" data-element_type=\"widget\" data-e-type=\"widget\" data-widget_type=\"image.default\">\n\t\t\t\t\t\t\t\t\t\t\t\t\t\t\t<img fetchpriority=\"high\" decoding=\"async\" width=\"940\" height=\"788\" src=\"https:\/\/www.dynamicpartners.fi\/wp-content\/uploads\/2026\/02\/Etusivu.png\" class=\"attachment-large size-large wp-image-50\" alt=\"\" srcset=\"https:\/\/www.dynamicpartners.fi\/wp-content\/uploads\/2026\/02\/Etusivu.png 940w, https:\/\/www.dynamicpartners.fi\/wp-content\/uploads\/2026\/02\/Etusivu-300x251.png 300w, https:\/\/www.dynamicpartners.fi\/wp-content\/uploads\/2026\/02\/Etusivu-768x644.png 768w\" sizes=\"(max-width: 940px) 100vw, 940px\" \/>\t\t\t\t\t\t\t\t\t\t\t\t\t\t\t<\/div>\n\t\t\t\t<\/div>\n\t\t<div class=\"elementor-element elementor-element-f3d0ae9 e-con-full e-flex e-con e-child\" data-id=\"f3d0ae9\" data-element_type=\"container\" data-e-type=\"container\">\n\t\t\t\t<div class=\"elementor-element elementor-element-af05c37 elementor-widget elementor-widget-text-editor\" data-id=\"af05c37\" data-element_type=\"widget\" data-e-type=\"widget\" data-widget_type=\"text-editor.default\">\n\t\t\t\t\t\t\t\t\t<p>Dynamic Partners on moderni ja ketter\u00e4 yritysratkaisujen tarjoaja.Tuotamme asiakkaillemme todellista lis\u00e4arvoa asiantuntemuksemme ja toimialaymm\u00e4rryksemme kautta.<\/p><p>Autamme asiakkaitamme kasvamaan, tehostamaan toimintaansa ja luomaan kilpailuetua osaavan henkil\u00f6st\u00f6n, turvallisen ty\u00f6ymp\u00e4rist\u00f6n ja toimivien prosessien avulla.\u00a0<\/p><p>Meille dynaaminen kumppanuus tarkoittaa aitoa yhteisty\u00f6t\u00e4, sitoutumista yhteisiin tavoitteisiin, joustavuutta ja jatkuvaa kehityst\u00e4.<\/p><p>Haluamme olla asiakkaidemme pitk\u00e4aikainen, aito kumppani!<\/p>\t\t\t\t\t\t\t\t<\/div>\n\t\t\t\t<\/div>\n\t\t\t\t\t<\/div>\n\t\t\t\t<\/div>\n\t\t<div class=\"elementor-element elementor-element-569c3be e-flex e-con-boxed e-con e-parent\" data-id=\"569c3be\" data-element_type=\"container\" data-e-type=\"container\" data-settings=\"{&quot;background_background&quot;:&quot;classic&quot;}\">\n\t\t\t\t\t<div class=\"e-con-inner\">\n\t\t\t\t<div class=\"elementor-element elementor-element-844eb1c elementor-widget elementor-widget-heading\" data-id=\"844eb1c\" data-element_type=\"widget\" data-e-type=\"widget\" data-widget_type=\"heading.default\">\n\t\t\t\t\t<h2 class=\"elementor-heading-title elementor-size-default\">Palvelumme<\/h2>\t\t\t\t<\/div>\n\t\t\t\t\t<\/div>\n\t\t\t\t<\/div>\n\t\t<div class=\"elementor-element elementor-element-c249def e-grid e-con-boxed e-con e-parent\" data-id=\"c249def\" data-element_type=\"container\" data-e-type=\"container\" data-settings=\"{&quot;background_background&quot;:&quot;classic&quot;}\">\n\t\t\t\t\t<div class=\"e-con-inner\">\n\t\t\t\t<div class=\"elementor-element elementor-element-864ca5e elementor-widget elementor-widget-heading\" data-id=\"864ca5e\" data-element_type=\"widget\" data-e-type=\"widget\" data-widget_type=\"heading.default\">\n\t\t\t\t\t<h3 class=\"elementor-heading-title elementor-size-default\">Henkil\u00f6st\u00f6n rekrytointi<\/h3>\t\t\t\t<\/div>\n\t\t\t\t<div class=\"elementor-element elementor-element-1da3e21 elementor-widget elementor-widget-heading\" data-id=\"1da3e21\" data-element_type=\"widget\" data-e-type=\"widget\" data-widget_type=\"heading.default\">\n\t\t\t\t\t<h3 class=\"elementor-heading-title elementor-size-default\">Ty\u00f6turvallisuuden kehitt\u00e4minen<\/h3>\t\t\t\t<\/div>\n\t\t\t\t\t<\/div>\n\t\t\t\t<\/div>\n\t\t<div class=\"elementor-element elementor-element-0f3249d e-grid e-con-boxed e-con e-parent\" data-id=\"0f3249d\" data-element_type=\"container\" data-e-type=\"container\" data-settings=\"{&quot;background_background&quot;:&quot;classic&quot;}\">\n\t\t\t\t\t<div class=\"e-con-inner\">\n\t\t\t\t<div class=\"elementor-element elementor-element-d0d171e elementor-widget elementor-widget-image\" data-id=\"d0d171e\" data-element_type=\"widget\" data-e-type=\"widget\" data-widget_type=\"image.default\">\n\t\t\t\t\t\t\t\t\t\t\t\t\t\t\t<img decoding=\"async\" width=\"940\" height=\"788\" src=\"https:\/\/www.dynamicpartners.fi\/wp-content\/uploads\/2026\/02\/Rekrytointikuva.png\" class=\"attachment-large size-large wp-image-56\" alt=\"\" srcset=\"https:\/\/www.dynamicpartners.fi\/wp-content\/uploads\/2026\/02\/Rekrytointikuva.png 940w, https:\/\/www.dynamicpartners.fi\/wp-content\/uploads\/2026\/02\/Rekrytointikuva-300x251.png 300w, https:\/\/www.dynamicpartners.fi\/wp-content\/uploads\/2026\/02\/Rekrytointikuva-768x644.png 768w\" sizes=\"(max-width: 940px) 100vw, 940px\" \/>\t\t\t\t\t\t\t\t\t\t\t\t\t\t\t<\/div>\n\t\t\t\t<div class=\"elementor-element elementor-element-0464d33 elementor-widget elementor-widget-image\" data-id=\"0464d33\" data-element_type=\"widget\" data-e-type=\"widget\" data-widget_type=\"image.default\">\n\t\t\t\t\t\t\t\t\t\t\t\t\t\t\t<img decoding=\"async\" width=\"940\" height=\"788\" src=\"https:\/\/www.dynamicpartners.fi\/wp-content\/uploads\/2026\/02\/Rekrytointikuva-1.png\" class=\"attachment-large size-large wp-image-61\" alt=\"\" srcset=\"https:\/\/www.dynamicpartners.fi\/wp-content\/uploads\/2026\/02\/Rekrytointikuva-1.png 940w, https:\/\/www.dynamicpartners.fi\/wp-content\/uploads\/2026\/02\/Rekrytointikuva-1-300x251.png 300w, https:\/\/www.dynamicpartners.fi\/wp-content\/uploads\/2026\/02\/Rekrytointikuva-1-768x644.png 768w\" sizes=\"(max-width: 940px) 100vw, 940px\" \/>\t\t\t\t\t\t\t\t\t\t\t\t\t\t\t<\/div>\n\t\t\t\t<div class=\"elementor-element elementor-element-a2c6a2a elementor-widget elementor-widget-text-editor\" data-id=\"a2c6a2a\" data-element_type=\"widget\" data-e-type=\"widget\" data-widget_type=\"text-editor.default\">\n\t\t\t\t\t\t\t\t\t<p>L\u00f6yd\u00e4mme oikeat osaajat myynnin, asiakaspalvelun ja teollisuuden toimihenkil\u00f6teht\u00e4viin. Toimimme joustavasti koko prosessissa tai sen yksitt\u00e4isiss\u00e4 vaiheissa.<\/p><ul><li data-start=\"1687\" data-end=\"1712\"><p data-start=\"1689\" data-end=\"1712\">Myynti ja avainroolit<\/p><\/li><li data-start=\"1713\" data-end=\"1746\"><p data-start=\"1715\" data-end=\"1746\">Asiakaspalvelun asiantuntijat<\/p><\/li><li data-start=\"1713\" data-end=\"1746\"><p data-start=\"1715\" data-end=\"1746\"><span style=\"font-style: inherit; font-weight: inherit;\">Teollisuuden toimihenkil\u00f6t<\/span><\/p><\/li><\/ul>\t\t\t\t\t\t\t\t<\/div>\n\t\t\t\t<div class=\"elementor-element elementor-element-dfbd83c elementor-widget elementor-widget-text-editor\" data-id=\"dfbd83c\" data-element_type=\"widget\" data-e-type=\"widget\" data-widget_type=\"text-editor.default\">\n\t\t\t\t\t\t\t\t\t<p>Autamme yrityksi\u00e4 kehitt\u00e4m\u00e4\u00e4n turvallisuutta k\u00e4yt\u00e4nn\u00f6nl\u00e4heisesti ja liiketoimintaa tukevalla tavalla.<\/p>\n<ul>\n<li data-start=\"2002\" data-end=\"2032\">\n<p data-start=\"2004\" data-end=\"2032\">Esihenkil\u00f6iden tuurvallisuuskoulutukset<\/p>\n<\/li>\n<li data-start=\"2033\" data-end=\"2054\">\n<p data-start=\"2035\" data-end=\"2054\">Riskienarvioinnit<\/p>\n<\/li>\n<li data-start=\"2055\" data-end=\"2087\">\n<p data-start=\"2057\" data-end=\"2087\">Konsultointi ja jatkuva tuki<\/p>\n<\/li>\n<\/ul>\t\t\t\t\t\t\t\t<\/div>\n\t\t\t\t\t<\/div>\n\t\t\t\t<\/div>\n\t\t<div class=\"elementor-element elementor-element-d2f6bc8 e-flex e-con-boxed e-con e-parent\" data-id=\"d2f6bc8\" data-element_type=\"container\" data-e-type=\"container\">\n\t\t\t\t\t<div class=\"e-con-inner\">\n\t\t\t\t\t<\/div>\n\t\t\t\t<\/div>\n\t\t\t\t<\/div>\n\t\t","protected":false},"excerpt":{"rendered":"<p>Liiketoimintasi dynaamisin kumppani Autamme yrityksi\u00e4 kasvamaan oikeiden osaajien ja turvallisen ty\u00f6ymp\u00e4rist\u00f6n avulla Dynamic Partners on moderni ja ketter\u00e4 yritysratkaisujen tarjoaja.Tuotamme [&hellip;]<\/p>\n","protected":false},"author":1,"featured_media":0,"parent":0,"menu_order":0,"comment_status":"closed","ping_status":"closed","template":"","meta":{"site-sidebar-layout":"default","site-content-layout":"plain-container","ast-site-content-layout":"full-width-container","site-content-style":"unboxed","site-sidebar-style":"boxed","ast-global-header-display":"","ast-banner-title-visibility":"","ast-main-header-display":"","ast-hfb-above-header-display":"","ast-hfb-below-header-display":"","ast-hfb-mobile-header-display":"","site-post-title":"disabled","ast-breadcrumbs-content":"","ast-featured-img":"disabled","footer-sml-layout":"","ast-disable-related-posts":"","theme-transparent-header-meta":"enabled","adv-header-id-meta":"","stick-header-meta":"","header-above-stick-meta":"","header-main-stick-meta":"","header-below-stick-meta":"","astra-migrate-meta-layouts":"default","ast-page-background-enabled":"default","ast-page-background-meta":{"desktop":{"background-color":"var(--ast-global-color-5)","background-image":"","background-repeat":"repeat","background-position":"center center","background-size":"auto","background-attachment":"scroll","background-type":"","background-media":"","overlay-type":"","overlay-color":"","overlay-opacity":"","overlay-gradient":""},"tablet":{"background-color":"","background-image":"","background-repeat":"repeat","background-position":"center center","background-size":"auto","background-attachment":"scroll","background-type":"","background-media":"","overlay-type":"","overlay-color":"","overlay-opacity":"","overlay-gradient":""},"mobile":{"background-color":"","background-image":"","background-repeat":"repeat","background-position":"center center","background-size":"auto","background-attachment":"scroll","background-type":"","background-media":"","overlay-type":"","overlay-color":"","overlay-opacity":"","overlay-gradient":""}},"ast-content-background-meta":{"desktop":{"background-color":"var(--ast-global-color-4)","background-image":"","background-repeat":"repeat","background-position":"center center","background-size":"auto","background-attachment":"scroll","background-type":"","background-media":"","overlay-type":"","overlay-color":"","overlay-opacity":"","overlay-gradient":""},"tablet":{"background-color":"var(--ast-global-color-4)","background-image":"","background-repeat":"repeat","background-position":"center center","background-size":"auto","background-attachment":"scroll","background-type":"","background-media":"","overlay-type":"","overlay-color":"","overlay-opacity":"","overlay-gradient":""},"mobile":{"background-color":"var(--ast-global-color-4)","background-image":"","background-repeat":"repeat","background-position":"center center","background-size":"auto","background-attachment":"scroll","background-type":"","background-media":"","overlay-type":"","overlay-color":"","overlay-opacity":"","overlay-gradient":""}},"footnotes":""},"class_list":["post-7","page","type-page","status-publish","hentry"],"_links":{"self":[{"href":"https:\/\/www.dynamicpartners.fi\/index.php\/wp-json\/wp\/v2\/pages\/7","targetHints":{"allow":["GET"]}}],"collection":[{"href":"https:\/\/www.dynamicpartners.fi\/index.php\/wp-json\/wp\/v2\/pages"}],"about":[{"href":"https:\/\/www.dynamicpartners.fi\/index.php\/wp-json\/wp\/v2\/types\/page"}],"author":[{"embeddable":true,"href":"https:\/\/www.dynamicpartners.fi\/index.php\/wp-json\/wp\/v2\/users\/1"}],"replies":[{"embeddable":true,"href":"https:\/\/www.dynamicpartners.fi\/index.php\/wp-json\/wp\/v2\/comments?post=7"}],"version-history":[{"count":26,"href":"https:\/\/www.dynamicpartners.fi\/index.php\/wp-json\/wp\/v2\/pages\/7\/revisions"}],"predecessor-version":[{"id":70,"href":"https:\/\/www.dynamicpartners.fi\/index.php\/wp-json\/wp\/v2\/pages\/7\/revisions\/70"}],"wp:attachment":[{"href":"https:\/\/www.dynamicpartners.fi\/index.php\/wp-json\/wp\/v2\/media?parent=7"}],"curies":[{"name":"wp","href":"https:\/\/api.w.org\/{rel}","templated":true}]}}